{"id":47,"date":"2017-06-29T08:13:11","date_gmt":"2017-06-29T07:13:11","guid":{"rendered":"http:\/\/blog.exasoft.cz\/?page_id=47"},"modified":"2017-06-29T08:13:32","modified_gmt":"2017-06-29T07:13:32","slug":"slovnicek-operacni-system","status":"publish","type":"page","link":"https:\/\/blog.exasoft.cz\/index.php\/slovnicek-operacni-system\/","title":{"rendered":"Opera\u010dn\u00ed syst\u00e9m"},"content":{"rendered":"<p>Je z\u00e1kladn\u00ed programov\u00e9 vybaven\u00ed za\u0159\u00edzen\u00ed, kter\u00e9 je zavedeno do pam\u011bti p\u0159\u00edstroje p\u0159i jeho startu a z\u016fst\u00e1v\u00e1 v \u010dinnosti a\u017e do jeho vypnut\u00ed. Hlavn\u00edm \u00fakolem opera\u010dn\u00edho syst\u00e9mu je zajistit u\u017eivateli mo\u017enost za\u0159\u00edzen\u00ed ovl\u00e1dat.<\/p>\n","protected":false},"excerpt":{"rendered":"<p>Je z\u00e1kladn\u00ed programov\u00e9 vybaven\u00ed za\u0159\u00edzen\u00ed, kter\u00e9 je zavedeno do pam\u011bti p\u0159\u00edstroje p\u0159i jeho startu a z\u016fst\u00e1v\u00e1 v \u010dinnosti a\u017e do jeho vypnut\u00ed. Hlavn\u00edm \u00fakolem opera\u010dn\u00edho syst\u00e9mu je zajistit u\u017eivateli mo\u017enost za\u0159\u00edzen\u00ed ovl\u00e1dat.<\/p>\n","protected":false},"author":1,"featured_media":0,"parent":0,"menu_order":0,"comment_status":"closed","ping_status":"closed","template":"","meta":{"_et_pb_use_builder":"","_et_pb_old_content":"","_et_gb_content_width":"","footnotes":""},"class_list":["post-47","page","type-page","status-publish","hentry"],"_links":{"self":[{"href":"https:\/\/blog.exasoft.cz\/index.php\/wp-json\/wp\/v2\/pages\/47"}],"collection":[{"href":"https:\/\/blog.exasoft.cz\/index.php\/wp-json\/wp\/v2\/pages"}],"about":[{"href":"https:\/\/blog.exasoft.cz\/index.php\/wp-json\/wp\/v2\/types\/page"}],"author":[{"embeddable":true,"href":"https:\/\/blog.exasoft.cz\/index.php\/wp-json\/wp\/v2\/users\/1"}],"replies":[{"embeddable":true,"href":"https:\/\/blog.exasoft.cz\/index.php\/wp-json\/wp\/v2\/comments?post=47"}],"version-history":[{"count":2,"href":"https:\/\/blog.exasoft.cz\/index.php\/wp-json\/wp\/v2\/pages\/47\/revisions"}],"predecessor-version":[{"id":49,"href":"https:\/\/blog.exasoft.cz\/index.php\/wp-json\/wp\/v2\/pages\/47\/revisions\/49"}],"wp:attachment":[{"href":"https:\/\/blog.exasoft.cz\/index.php\/wp-json\/wp\/v2\/media?parent=47"}],"curies":[{"name":"wp","href":"https:\/\/api.w.org\/{rel}","templated":true}]}}